de 334507?
False
Is 103390 a multiple of 70?
True
Does 85 divide 3459303?
False
Is 3112671 a multiple of 752?
False
Does 38 divide 18322806?
False
Does 211 divide 2949566?
False
Does 5 divide 31300?
True
Is 6023808 a multiple of 63?
True
Is 296623 a multiple of 12?
False
Does 12 divide 144784?
False
Is 6857715 a multiple of 17?
True
Does 235 divide 55225?
True
Is 92715 a multiple of 105?
True
Is 85613 a multiple of 43?
True
Does 5 divide 578570?
True
Does 150 divide 718500?
True
Is 9487459 a multiple of 65?
False
Is 45 a factor of 26555051?
False
Is 160 a factor of 860480?
True
Is 5 a factor of 18397?
False
Does 10 divide 539270?
True
Is 1616560 a multiple of 8?
True
Is 43450 a multiple of 11?
True
Is 8674560 a multiple of 20?
True
Is 10 a factor of 4822343?
False
Does 9 divide 3387761?
False
Is 12647794 a multiple of 197?
True
Is 41 a factor of 1418977?
False
Does 516 divide 1670808?
True
Is 269430 a multiple of 35?
True
Is 100 a factor of 35100?
True
Is 133680 a multiple of 16?
True
Is 31325 a multiple of 5?
True
Is 7491052 a multiple of 156?
False
Is 19 a factor of 911260?
False
Does 110 divide 6052974?
False
Does 62 divide 1312230?
True
Is 10 a factor of 18100?
True
Does 161 divide 4518465?
True
Is 11342420 a multiple of 54?
False
Is 58 a factor of 356278?
False
Is 241267 a multiple of 25?
False
Does 594 divide 1476090?
True
Does 63 divide 1321668?
False
Is 16601805 a multiple of 55?
True
Is 1957500 a multiple of 290?
True
Does 34 divide 322116?
True
Does 105 divide 1004135?
False
Is 41344 a multiple of 16?
True
Is 572109 a multiple of 86?
False
Is 4811307 a multiple of 448?
False
Is 18 a factor of 89190?
True
Is 213036 a multiple of 123?
True
Is 377411 a multiple of 53?
False
Does 12 divide 525864?
True
Is 22 a factor of 195228?
True
Is 1335532 a multiple of 22?
True
Does 219 divide 140049?
False
Is 4930660 a multiple of 9?
False
Does 56 divide 2067688?
True
Does 17 divide 3450728?
True
Is 327 a factor of 6673239?
False
Is 15 a factor of 66495?
True
Is 612435 a multiple of 318?
False
Is 292 a factor of 354488?
True
Is 742014 a multiple of 273?
True
Is 278613 a multiple of 153?
True
Does 239 divide 7560341?
False
Does 1087 divide 848183?
False
Is 388476 a multiple of 654?
True
Is 415 a factor of 306685?
True
Is 85800 a multiple of 55?
True
Is 16925234 a multiple of 34?
True
Is 15337712 a multiple of 69?
False
Is 16191677 a multiple of 177?
False
Does 12 divide 298140?
True
Is 18069 a multiple of 2?
False
Is 590 a factor of 302946?
False
Is 115 a factor of 36948?
False
Is 132 a factor of 260832?
True
Is 61474 a multiple of 7?
True
Does 10 divide 57850?
True
Is 507244 a multiple of 69?
False
Does 180 divide 11857140?
True
Does 74 divide 3178?
False
Does 48 divide 4619232?
True
Is 39 a factor of 39329?
False
Is 55 a factor of 1372215?
False
Is 1980680 a multiple of 676?
True
Does 156 divide 663583?
False
Is 297 a factor of 218947?
False
Is 1497 a factor of 1547898?
True
Is 22 a factor of 55704?
True
Is 2474826 a multiple of 646?
True
Is 106195 a multiple of 48?
False
Is 3463496 a multiple of 148?
True
Is 652392 a multiple of 72?
True
Is 124063 a multiple of 5?
False
Is 48174 a multiple of 14?
True
Is 644328 a multiple of 228?
True
Is 2 a factor of 404333?
False
Does 57 divide 731029?
False
Is 17 a factor of 829867?
False
Is 5 a factor of 80465?
True
Is 194380 a multiple of 10?
True
Is 924748 a multiple of 22?
True
Is 316 a factor of 6375616?
True
Is 194340 a multiple of 20?
True
Does 5 divide 335313?
False
Does 86 divide 1096328?
True
Is 191 a factor of 264153?
True
Does 148 divide 417064?
True
Is 16876174 a multiple of 99?
False
Is 641597 a multiple of 803?
True
Is 11 a factor of 1819287?
False
Does 10 divide 2219877?
False
Is 373 a factor of 743230?
False
Does 2 divide 22998?
True
Is 14 a factor of 1423628?
False
Is 16 a factor of 339168?
True
Does 10 divide 1290260?
True
Does 68 divide 23023?
False
Is 86 a factor of 3844888?
True
Is 221004 a multiple of 3?
True
Is 1323510 a multiple of 10?
True
Is 1815341 a multiple of 79?
True
Is 916718 a multiple of 32?
False
Does 51 divide 229959?
True
Does 98 divide 1829519?
False
Is 175911 a multiple of 191?
True
Does 8 divide 104560?
True
Is 944153 a multiple of 149?
False
Is 10 a factor of 1292790?
True
Does 21 divide 4365187?
False
Is 212880 a multiple of 48?
True
Does 90 divide 2005470?
True
Is 2834 a factor of 9742520?
False
Is 12 a factor of 1232287?
False
Is 1971 a multiple of 26?
False
Is 16 a factor of 2651553?
False
Does 119 divide 210868?
True
Does 306 divide 14474197?
False
Does 365 divide 2016744?
False
Does 4 divide 39896?
True
Does 50 divide 3940318?
False
Is 129087 a multiple of 189?
True
Is 1010504 a multiple of 58?
False
Is 57 a factor of 198759?
True
Is 3116576 a multiple of 1156?
True
Is 8 a factor of 52435?
False
Is 185 a factor of 2877790?
False
Is 126 a factor of 899525?
False
Is 6237362 a multiple of 109?
False
Is 5 a factor of 151725?
True
Is 203720 a multiple of 43?
False
Is 199122 a multiple of 116?
False
Is 115 a factor of 8867075?
True
Is 335 a factor of 355037?
False
Does 826 divide 614821?
False
Is 3 a factor of 55209?
True
Does 566 divide 3055834?
True
Is 704 a factor of 15723840?
True
Does 575 divide 244375?
True
Does 19 divide 806056?
True
Does 22 divide 13200?
True
Is 221 a factor of 7007247?
True
Is 201 a factor of 400191?
True
Is 19 a factor of 115176?
False
Is 38 a factor of 66934?
False
Is 15 a factor of 7749705?
True
Does 6 divide 27103?
False
Is 247196 a multiple of 29?
True
Is 5229 a multiple of 3?
True
Does 9 divide 199359?
True
Is 63 a factor of 308743?
False
Does 32 divide 471040?
True
Is 116370 a multiple of 84?
False
Is 185 a factor of 5591?
False
Is 55 a factor of 509520?
True
Is 20 a factor of 1175823?
False
Does 6 divide 977292?
True
Is 6 a factor of 87226?
False
Is 57 a factor of 1425?
True
Does 46 divide 65175?
False
Is 21 a factor of 764925?
True
Does 308 divide 358338?
False
Is 305310 a multiple of 15?
True
Is 4419548 a multiple of 28?
True
Is 51984 a multiple of 38?
True
Does 26 divide 584194?
True
Is 704091 a multiple of 21?
False
Is 758160 a multiple of 1080?
True
Does 175 divide 246575?
True
Is 84909 a multiple of 3?
True
Is 238360 a multiple of 118?
True
Is 35728 a multiple of 112?
True
Is 10 a factor of 4332057?
False
Is 4 a factor of 21884?
True
Is 56331 a multiple of 57?
False
Is 143020 a multiple of 125?
False
Is 339 a factor of 223799?
False
Does 175 divide 209300?
True
Is 96280 a multiple of 59?
False
Does 93 divide 785700?
False
Is 3 a factor of 4068?
True
Is 1036559 a multiple of 5?
False
Is 512 a factor of 131666?
False
Is 263 a factor of 2720209?
True
Is 2874234 a multiple of 242?
True
Is 40884 a multiple of 6?
True
Is 91 a factor of 204249?
False
Is 135 a factor of 287685?
True
Is 307 a factor of 14699370?
False
Is 20 a factor of 45886?
False
Is 1699440 a multiple of 15?
True
Is 585070 a multiple of 410?
True
Is 147 a factor of 1643754?
True
Is 110 a factor of 13077?
False
Does 182 divide 185985?
False
Is 21 a factor of 479188?
False
Does 42 divide 9563416?
False
Is 1641001 a multiple of 613?
True
Does 48 divide 8411?
False
Is 17 a factor of 274079?
False
Does 336 divide 2292819?
False
Does 8 divide 41000?
True
Is 199 a factor of 2141041?
True
Is 1033523 a multiple of 16?
False
Is 226804 a multiple of 2?
True
Is 16 a factor of 42485?
False
Is 25 a factor of 350375?
True
Does 5 divide 5142?
False
Is 18 a factor of 2712281?
False
Does 65 divide 488317?
False
Does 143 divide 686114?
True
Is 95 a factor of 82692?
False
Is 412 a factor of 7273537?
False
Is 22440648 a multiple of 116?
False
Is 4313588 a multiple of 54?
False
Is 598737 a multiple of 109?
True
Does 102 divide 2947188?
True
Is 1597 a factor of 11354670?
True
Is 49536 a multiple of 24?
True
Does 805 divide 243566?
False
Is 395500 a multiple of 71?
False
Is 20362082 a multiple of 13?
True
Does 19 divide 967822?
True
Is 193 a factor of 12026932?
False
Is 11 a factor of 338426?
True
Does 218 divide 51448?
True
Is 5 a factor of 140615?
True
Does 55 divide 2394700?
True
Is 536 a factor of 3619072?
True
Is 7492646 a multiple of 826?
True
Does 1193 divide 9244557?
True
Does 19 divide 68932?
True
Does 334 divide 92137?
False
Is 470542 a multiple of 298?
True
Is 92277 a multiple 